s divided by 44?
35
Calculate the remainder when (418/(-2))/((-3775)/125 + 30) is divided by 57.
19
Let q be ((-8)/(-6))/(-4) + 120/9. Suppose -307 = q*g - 827. Suppose -140 = g*k - 47*k. Calculate the remainder when 97 is divided by k.
17
What is the remainder when ((-14651)/(-46))/(10/40) is divided by 5?
4
Suppose -5*g = -5*b + 765, -b + 2*g = -68 - 80. Suppose -2*a + b = 3*p - 212, 4*p - a - 497 = 0. What is the remainder when p is divided by 42?
40
What is the remainder when 728 is divided by (15 + 234/(-126))/(4/14)?
38
Suppose 4*d + 2563 = 3*c, -5*c = -7*d + 3*d - 4285. Let y = 39163 + -39147. What is the remainder when c is divided by y?
13
What is the remainder when -13*1 + (-37558)/(-211) is divided by 17?
12
Calculate the remainder when 23 + 0 + 2 + 1 is divided by ((-16)/(-44) + -2)/((-8)/44).
8
Let y(z) = -2*z + 18. Let x be 0/(-1*((-3)/1 + 6)). Suppose -198 = -75*m + 69*m. What is the remainder when m is divided by y(x)?
15
Let b(n) = 81*n + 1266. What is the remainder when 4410 is divided by b(-15)?
24
Suppose 0 = -95*v - 571 + 15106. What is the remainder when v is divided by 146?
7
Suppose -6*t + 92 = -4*t. What is the remainder when (-48)/80*-455*2/6 is divided by t?
45
Let z be 50/(-18) + (-6)/27. Let u be (-1 - 15/(-9))/(z/(-9)). Suppose 0 = -q - 0*q - u, 4*k = -2*q + 112. Calculate the remainder when k is divided by 9.
2
Let a = 87 + 90. Let m = 3017 + -2981. Calculate the remainder when a is divided by m.
33
Suppose -2*c - 20*i + 134 = -22*i, 2*c + i - 146 = 0. What is the remainder when 267 is divided by c?
54
Suppose 3*p = -s + 146, 0 = -4*s - 5 + 1. Let g = -52 + 55. Let u(j) = 20*j - 35. What is the remainder when p is divided by u(g)?
24
Let r be ((-129)/2)/(6 + (-615)/100). Suppose -1525 + r = -5*i. Calculate the remainder when i is divided by 20.
19
Suppose 3*q - 27*q - q + 850 = 0. Suppose 2*x + g - 111 = 7, -2*x + 4*g = -98. What is the remainder when x is divided by q?
23
Let u(q) = -4703*q**3 - 8*q**2 + 2*q - 1. What is the remainder when u(-1) is divided by 120?
12
Let c(s) = 30*s - 312. Calculate the remainder when c(18) is divided by 37.
6
Calculate the remainder when 697 is divided by ((-15)/8)/5 + 14 + (-2639)/(-104).
34
Suppose -23034 = -123*u + 7593. Calculate the remainder when 12945 is divided by u.
246
Calculate the remainder when 252 is divided by 25 + 5 + -20 + 34.
32
Let p(f) = -21*f - 17. Calculate the remainder when p(-2) is divided by 5/((-35)/(-154)) + -8.
11
Let b(m) = -2*m**2 - 6*m + 7. Let i be b(4). Let z = i - -80. Let o(j) = j + 8. What is the remainder when z is divided by o(8)?
15
Let m = 239 + -234. Suppose -m*g + 23 = p, -5*g - 9 = -13*p + 10*p. What is the remainder when 614 is divided by p?
6
Let u be (2 - (-6 - 6/(-2))) + -1. Suppose n - w = w + 22, 4*n - 84 = u*w. Let c = 3 + 3. What is the remainder when n is divided by c?
2
Suppose -54*n - 125 + 1791 = 65*n. Calculate the remainder when 735 is divided by n.
7
Let h(i) = -13*i**2 + 132*i + 5. What is the remainder when 538 is divided by h(10)?
13
Let y be (-3 + 0)*(520/(-24))/13. What is the remainder when 49 is divided by 3*((4 - 6) + y)?
4
Suppose -454 + 425 = -a. Calculate the remainder when 9857 is divided by a.
26
Suppose -184 = 26*c - 3226. Calculate the remainder when c is divided by 99.
18
Suppose 561*r - 150 = 558*r. Let b = -34 + r. Calculate the remainder when b is divided by 14.
2
Suppose 154*q - 2952 = -153*q + 298*q. What is the remainder when q is divided by 43?
27
Let m(o) = 7*o**3 + 2*o**2 - 35*o + 8. Let t(z) = 15*z**3 + 5*z**2 - 70*z + 17. Let v(y) = -13*m(y) + 6*t(y). What is the remainder when 92 is divided by v(8)?
4
Let j(f) = 5*f + 136. Let h be j(-26). Calculate the remainder when 148 is divided by (-88)/(-6) - ((-95)/15 + h).
13
Suppose -d = -4*d - 0*d. Suppose -10*u + 260 = -d*u. Let a = 12 + 91. What is the remainder when a is divided by u?
25
Let o(j) = -18*j - 19. Let d = -92 + 92. Suppose 0 = 2*u + 2*b, d = 5*u + 2*b + 21 - 6. Calculate the remainder when o(u) is divided by 9.
8
Suppose -5*g = 10, -3*l - g = -3 - 34. Let y be (4 - ((-4 - -2) + 3)) + -33. What is the remainder when (-2)/12 + (-155)/y + 28 is divided by l?
7
Let z = -54 - -108. What is the remainder when ((-143)/4)/((-52)/624) is divided by z?
51
Suppose -1986 = -14*z - 894. What is the remainder when 2179 is divided by z?
73
Let m = -2763 - -2776. What is the remainder when 1025 is divided by m?
11
Suppose -2*h + 4*h = -5*v + 3477, 0 = -3*v + 2*h + 2083. Suppose 5733 = 8*t + 55*t. Calculate the remainder when t is divided by v/30 - 2/12.
22
Suppose -124*f = -231 + 19 - 160. Calculate the remainder when 261 is divided by f.
0
Let d = -22 + 22. Let p(g) = g**3 + g**2 + 2*g + 31. Let t(s) = -12*s + 8. What is the remainder when t(-7) is divided by p(d)?
30
Suppose 19676 = x + 18*x + 296. What is the remainder when x is divided by 5?
0
Let p(i) = 2*i**3 + 10*i**2 + 6*i - 11. Let n be p(-4). What is the remainder when 159 is divided by (-90)/n*(-8)/12*-1?
19
Let y = -8066 + 8472. Calculate the remainder when 2030 is divided by y.
0
Let v = 719 - 711. Let n(q) = -11*q + 116. Calculate the remainder when 71 is divided by n(v).
15
Let k = 1696 + -1434. What is the remainder when k is divided by 37?
3
Suppose -d + 3 = 0, -37*h = -38*h - 2*d + 108. Calculate the remainder when 387 is divided by h.
81
Let w = 89 - -69. Suppose -3*z + 70 = -2*s, z + 3*s = -1 + 6. Calculate the remainder when w is divided by z.
18
Let x(y) = 3*y**3 + 151*y**2 + 47*y + 59. What is the remainder when 1459 is divided by x(-50)?
205
Let u(l) = -l**3 - 16*l**2 + 17*l + 5. Let k be u(-17). Let m be (6 - k)/(1 - (-4)/(-2)). Let y = m - -14. What is the remainder when 49 is divided by y?
10
Calculate the remainder when 3956 is divided by 62 - (5 + 2/((-78)/(-18) + -5)).
56
Let c = 3055 + -3027. Calculate the remainder when 810 is divided by c.
26
Suppose -4*y - 4132 = -5*l, -y = 4*l - 1866 - 1427. What is the remainder when l is divided by 75?
74
Suppose 3*f + 335 = 8*f. Let y = 107 - f. Suppose -5*q + y + 0 = 0. Calculate the remainder when 46 is divided by q.
6
Suppose -4*l + 5*d = -91, 4*l + 4*d = 19 + 45. Suppose -8*c = -5 - l. Suppose 8 = c*t - 2*w, -2*t + 4*w - 5 = 3. What is the remainder when 81 is divided by t?
3
Let d = 884 - 262. Suppose 0 = d*w - 618*w - 472. What is the remainder when w is divided by 15?
13
Suppose 93 + 24 = 3*u - 3*g, 0 = -3*u + g + 109. Let a = -7788 - -8100. Calculate the remainder when a is divided by u.
32
Let c = -11210 - -11265. Suppose -12 - 20 = -2*z. What is the remainder when c is divided by z?
7
Suppose 16*y - 152*y - 78*y + 138030 = 0. Calculate the remainder when y is divided by 634.
11
Let g(p) = 8*p**2 + 292*p + 62. What is the remainder when g(29) is divided by 70?
68
Suppose 2*s - n + 504 = 0, -5*n - 330 - 162 = 2*s. Let w = -211 - s. What is the remainder when w is divided by 14?
12
Let k = 426 + -26. Suppose 0 = -286*r + 294*r - k. Calculate the remainder when r is divided by 6.
2
Let x be (-500)/(-25)*((-152)/(-10) - -2). Let c = -311 + x. Suppose 4*l = -2*t + 374, -l + 96 = 2*t + 10. What is the remainder when l is divided by c?
30
Suppose -5*n - 283 = 2*i - 970, 135 = n - 2*i. Let g = 12063 + -12004. What is the remainder when n is divided by g?
19
Let n(i) = i**2 - 7*i + 2. Let b be n(7). Let p(s) = s**3 - s**2 - 2. Let y be p(b). Calculate the remainder when ((y/4)/(4/(-632)))/(-1) is divided by 20.
19
Let i = -13 + 46. Suppose -9*z + 15*z - 930 = 0. What is the remainder when z is divided by i?
23
Let b be -3*8/16*-2. What is the remainder when 22 is divided by (14/(-35))/(b/(-30))?
2
Suppose -5*h + 99 = -41. Suppose -32*x + 86*x - 14541 = -77*x. Calculate the remainder when x is divided by h.
27
Let n(m) = m + 24. Let y = -674 + 690. Calculate the remainder when n(7) is divided by y.
15
Let n(o) = 7*o - 5. Let a = -192 + 421. What is the remainder when a is divided by n(4)?
22
Let v(w) = 5*w**2 - 197*w - 2412. Calculate the remainder when v(-13) is divided by 43.
5
Let i be (-16)/32*(-1055 - -1). Let w = 792 - i. Suppose 3*b - w = 38. Calculate the remainder when b is divided by 26.
23
Suppose 5*o = 2*b - 4960 + 56, 0 = 3*b + 5*o - 7406. What is the remainder when b is divided by 154?
152
Let j = -3327 - -5836